{"id":4229,"date":"2021-08-06T16:00:33","date_gmt":"2021-08-06T14:00:33","guid":{"rendered":"https:\/\/test.dcg-online.de\/?page_id=4229"},"modified":"2021-08-14T18:26:01","modified_gmt":"2021-08-14T16:26:01","slug":"cichliden-von-a-z-mittel-nordamerika-gattung-talamancaheros-rican-novac-2016","status":"publish","type":"page","link":"https:\/\/test.dcg-online.de\/index.php\/cichliden-von-a-z-mittel-nordamerika-gattung-talamancaheros-rican-novac-2016\/","title":{"rendered":"Cichliden von A-Z | Mittel- &#038; Nordamerika | Gattung Talamancaheros \u0158I\u0106AN &#038; NOV\u00c1C, 2016"},"content":{"rendered":"","protected":false},"excerpt":{"rendered":"","protected":false},"author":1,"featured_media":0,"parent":0,"menu_order":0,"comment_status":"closed","ping_status":"closed","template":"","meta":{"footnotes":""},"class_list":["post-4229","page","type-page","status-publish","hentry"],"_links":{"self":[{"href":"https:\/\/test.dcg-online.de\/index.php\/wp-json\/wp\/v2\/pages\/4229","targetHints":{"allow":["GET"]}}],"collection":[{"href":"https:\/\/test.dcg-online.de\/index.php\/wp-json\/wp\/v2\/pages"}],"about":[{"href":"https:\/\/test.dcg-online.de\/index.php\/wp-json\/wp\/v2\/types\/page"}],"author":[{"embeddable":true,"href":"https:\/\/test.dcg-online.de\/index.php\/wp-json\/wp\/v2\/users\/1"}],"replies":[{"embeddable":true,"href":"https:\/\/test.dcg-online.de\/index.php\/wp-json\/wp\/v2\/comments?post=4229"}],"version-history":[{"count":1,"href":"https:\/\/test.dcg-online.de\/index.php\/wp-json\/wp\/v2\/pages\/4229\/revisions"}],"predecessor-version":[{"id":4230,"href":"https:\/\/test.dcg-online.de\/index.php\/wp-json\/wp\/v2\/pages\/4229\/revisions\/4230"}],"wp:attachment":[{"href":"https:\/\/test.dcg-online.de\/index.php\/wp-json\/wp\/v2\/media?parent=4229"}],"curies":[{"name":"wp","href":"https:\/\/api.w.org\/{rel}","templated":true}]}}